, what is -2510 + -2344505?
-2351415
In base 14, what is 4817c4 - 5?
4817bd
In base 7, what is 43523 - 1201?
42322
In base 6, what is -55314330 + 2?
-55314324
In base 3, what is 100 - -1120110012011000?
1120110012011100
In base 7, what is -15 - -11156142?
11156124
In base 13, what is -29388b - -1?
-29388a
In base 8, what is -232 - -2542512?
2542260
In base 7, what is 32 - 6211253?
-6211221
In base 9, what is -401 - 27668?
-28170
In base 11, what is -37 + -86180?
-86207
In base 8, what is 414516671 - 4?
414516665
In base 12, what is -19711 + -40?
-19751
In base 7, what is -35 + 1036663?
1036625
In base 14, what is 1cc057c + -12?
1cc056a
In base 4, what is -11303311000 + -30?
-11303311030
In base 4, what is -110 - -33102130333?
33102130223
In base 9, what is 1846548 - -505?
1847154
In base 9, what is -10352 - -30023?
18561
In base 13, what is -69 - 5950?
-59b9
In base 14, what is -118aa426 + 2?
-118aa424
In base 10, what is 107202 - -8?
107210
In base 11, what is 20a + 33a84?
34193
In base 2, what is 10111110010011110000010011 + -10?
10111110010011110000010001
In base 13, what is 4150 + -1741?
270c
In base 8, what is 23 + 14607066?
14607111
In base 7, what is -1640 + -5312564?
-5314534
In base 14, what is 23cbb - -d2?
23dad
In base 3, what is -11120010201 + -1010111?
-11121021012
In base 3, what is 2001 + 1020021222202?
1020022001210
In base 2, what is 1 + -10011110000100010101110?
-10011110000100010101101
In base 7, what is 5003415 - 151?
5003234
In base 10, what is -558 + 24109?
23551
In base 6, what is 50113535004 - -1?
50113535005
In base 3, what is -210 + 1102020012202?
1102020011222
In base 15, what is 28 - -1a577?
1a5a0
In base 3, what is 20221111212010221 - -1?
20221111212010222
In base 6, what is 0 + 545104241?
545104241
In base 7, what is -11 - 32533505?
-32533516
In base 13, what is b + 15a9b7?
15a9c5
In base 9, what is 120062 + -262?
118700
In base 12, what is -9bb85 - -58?
-9bb29
In base 7, what is -405 - -40305?
36600
In base 13, what is 315c - -19ac4?
1cc53
In base 9, what is -3 + -2670130?
-2670133
In base 10, what is 11383 - 1606?
9777
In base 10, what is -70 + -10970?
-11040
In base 8, what is -4620 + -21713?
-26533
In base 6, what is 2020131554 + -5?
2020131545
In base 9, what is -764 - 235320?
-236184
In base 11, what is 7083a - -157?
70996
In base 5, what is 10 - -1141401200?
1141401210
In base 16, what is 16aab9 + -5?
16aab4
In base 6, what is 41240212 - -1?
41240213
In base 11, what is -16 - 1631618?
-1631633
In base 4, what is -130 + -20300111?
-20300301
In base 9, what is -122214 + 3220?
-117884
In base 10, what is 16349703 + 6?
16349709
In base 4, what is 11333300 - 13220?
11320020
In base 3, what is -21020100010101021 - -11?
-21020100010101010
In base 4, what is -23201230321 + 2?
-23201230313
In base 9, what is 26 - -76756?
76783
In base 4, what is 21133023 - 2200332?
12332031
In base 11, what is 59156 - 155?
59001
In base 15, what is -1882 - -1d86?
504
In base 10, what is 22295 - 905?
21390
In base 6, what is 1 - -12542101034?
12542101035
In base 15, what is 4203a4 + -15?
42038e
In base 10, what is 320 + -59485?
-59165
In base 11, what is -3 - 22483994?
-22483997
In base 15, what is 68ae + 9592?
10e51
In base 15, what is -1d + -5cc30?
-5cc4d
In base 6, what is -10424143 - -33?
-10424110
In base 10, what is 2895307 - 0?
2895307
In base 9, what is 5033 + -15664?
-10631
In base 8, what is 3611 + -40545?
-34734
In base 15, what is -7d93772 + -4?
-7d93776
In base 8, what is -3 + 267206023?
267206020
In base 8, what is -733 + -3304?
-4237
In base 11, what is 6 + 16331037?
16331042
In base 4, what is -1033 - -30111030313?
30111023220
In base 12, what is 3 + 43b0a27?
43b0a2a
In base 9, what is -13754 - -21248?
6384
In base 15, what is -9a59a06 - -5?
-9a59a01
In base 6, what is 1014151454 - -2?
1014151500
In base 15, what is -a9 + 7492?
73d8
In base 10, what is 3006540 + -169?
3006371
In base 2, what is 111101001110101011 - -11000?
111101001111000011
In base 5, what is 141404244 + 203?
141410002
In base 2, what is 10010101001111101110100 + 1100000?
10010101001111111010100
In base 11, what is 18 - -361727?
361744
In base 10, what is 19105 + -438?
18667
In base 8, what is -10623 - -2002?
-6621
In base 15, what is 395 - bd84?
-b9de
In base 14, what is 3b28 - -b74?
489c
In base 8, what is 20512 - 3560?
14732
In base 12, what is 9 - 22560a?
-225601
In base 12, what is 6200 + 27?
6227
In base 12, what is -10 + 10649827?
10649817
In base 9, what is 1 - -474817380?
474817381
In base 6, what is 10001 - -12530?
22531
In base 7, what is 4 - -13245260?
13245264
In base 7, what is -5 - -105150134?
105150126
In base 4, what is -303 + 331113010?
331112101
In base 4, what is 3112132332030 - -2?
3112132332032
In base 6, what is 124323 - 5402?
114521
In base 11, what is -2 - 165149?
-165150
In base 6, what is 3 + 213402021?
213402024
In base 11, what is -139458 + -25?
-139482
In base 8, what is -6 + 3565561?
3565553
In base 3, what is -100101212010 - -20?
-100101211220
In base 15, what is 6 - -32b715?
32b71b
In base 11, what is -44621 + -2617?
-47138
In base 15, what is -23c - -10e8d?
10c51
In base 14, what is 2d97993 - 3?
2d97990
In base 15, what is 8d8eb - 6?
8d8e5
In base 8, what is -3150 + -5061?
-10231
In base 8, what is -23016 - 12107?
-35125
In base 16, what is 23bd7 + 5a?
23c31
In base 2, what is 100110010 - 1100110101010001?
-1100110000011111
In base 3, what is -12 - 221022202112120?
-221022202112202
In base 16, what is b3c9 - -4?
b3cd
In base 7, what is -42651 - 5662?
-51643
In base 9, what is 263 - -620065?
620338
In base 16, what is 19 + -31365?
-3134c
In base 2, what is 1001111110001110001010000 + -101?
1001111110001110001001011
In base 10, what is -4 + 269540635?
269540631
In base 14, what is -3 - aa0871?
-aa0874
In base 2, what is 11 - -1101011111101011000110?
1101011111101011001001
In base 7, what is 24203 - -55526?
113032
In base 4, what is 30031 + 1221022033?
1221112130
In base 8, what is -40735 - 12624?
-53561
In base 4, what is 12202112 + -131102?
12011010
In base 5, what is 4011311313 + 410?
4011312223
In base 7, what is -300563321 - 2?
-300563323
In base 8, what is -22331 + 336?
-21773
In base 12, what is -18 + 80366?
8034a
In base 8, what is -44566 + -1254?
-46042
In base 15, what is 3e + -18e0?
-18a1
In base 7, what is 124250256 + -6?
124250250
In base 12, what is 322535 - -26?
32255b
In base 6, what is -4220 + 13223?
5003
In base 11, what is -a19504a - 49?
-a195098
In base 7, what is 140 + 32351120?
32351260
In base 2, what is 1001001101 - 100100010?
100101011
In base 5, what is -1331302 + 22?
-1331230
In base 16, what is -1 + 25c4be?
25c4bd
In base 8, what is 106652 + 43?
106715
In base 5, what is -10 + -2103202034?
-2103202044
In base 15, what is -93 - 91c66?
-91d09
In base 11, what is 2 - 2921717?
-2921715
In base 8, what is -643 + -2332355?
-2333220
In base 9, what is 5535144 - 3?
5535141
In base 12, what is -55667ba - -11?
-55667a9
In base 15, what is -58 - -7d7c?
7d24
In base 2, what is -11 - -101101110100010110110000?
101101110100010110101101
In base 2, what is 1 - -10111100011001010101?
10111100011001010110
In base 5, what is -222123 + 4424?
-212144
In base 9, what is -1 + 77147357?
77147356
In base 9, what is -11 + 8285315?
8285304
In base 9, what is 702 + -21384?
-20582
In base 10, what is 2363228 + -64?
2363164
In base 6, what is 44022233 - -45?
44022322
In base 7, what is 361 + -4054324?
-4053633
In base 7, what is -213445 + -306?
-214054
In base 12, what is -825173 + -3?
-825176
In base 13, what is -189 + b6b?
9b2
In base 13, what is c + 6920c?
6921b
In base 16, what is 1d37dd6 - 2?
1d37dd4
In base 10, what is -2895672 + 11?
-2895661
In base 3, what is -102 + -1102120201212010?
-1102120201212112
In base 5, what is 2312334 + 333?
2313222
In base 2, what is 101110 + 10000010110100100111?
10000010110101010101
In base 6, what is 1035141 + -4444?
1030253
In base 13, what is 3 - -a880a?
a8810
In base 16, what is -2f346 + 291?
-2f0b5
In base 8, what is 40206552 + -105?
40206445
In base 9, what is 6 + -540663552?
-540663545
In base 9, what is -334850 - -168?
-334671
In base 11, what is 2 - -332789a?
33278a1
In base 13, what is -2866a - -23a?
-28430
In base 4, what is -120322131 + 1001210?
-113320321
In base 13